pose -5*l - 190 - 135 = k*r, 3*l = -r - 195. Let c = -10 - l. Calculate the remainder when c is divided by 14.
13
Let f(m) = -5*m + 1. Let j be f(-2). Let k = 20 - j. Let c(a) = -a**2 - 11*a - 12. What is the remainder when k is divided by c(-9)?
3
Suppose -5*d + 4*d = 0. Suppose -3*c + 5 = -d*c + j, 0 = -3*c + j + 7. Suppose -5*t + 5 = 2*v + v, -t = 3*v - 1. Calculate the remainder when c is divided by t.
0
Suppose -8*o + 312 = 48. Suppose -3*b = -3*h - 2*b + o, 3*h + 2*b = 24. What is the remainder when h is divided by 3?
1
Let y be ((-297)/(-2))/(((-6)/(-2))/6). Suppose 3*g + 3*a = y, 5*g - 2*a = 623 - 156. Let w(u) = 9*u - 4. Calculate the remainder when g is divided by w(4).
31
Let i(l) = 5*l - 69. What is the remainder when i(44) is divided by 15?
1
Let a be 1/(-3)*-3 + 3. Let i = 0 + a. Calculate the remainder when 4 is divided by i.
0
Suppose 0 = -4*g + 3*i + 21, 2*i - 5 = -3*i. Suppose -184 = -g*q - 52. What is the remainder when 54 is divided by q?
10
Let j = 441 + -381. What is the remainder when j is divided by 17?
9
Let s = -3189 - -4887. Calculate the remainder when s is divided by 142.
136
Suppose -15 = -3*k + 3*b, -2*k + 3*k = 4*b - 1. Let q = k - 1. Suppose -2*d - 13 = 4*g - 5*g, 0 = -4*g - d + 97. Calculate the remainder when g is divided by q.
5
Let t = -28 + 38. Suppose -4*d = z - 2*d - 14, 0 = -5*d + t. Calculate the remainder when 57 is divided by z.
7
Let n(w) = 14*w - 3. Suppose 2*b = 3*k - 1, 3*b - 2*k = k - 3. Let g = 16 + b. What is the remainder when n(2) is divided by g?
11
Suppose 0 = 2*x, 165 = 5*r + 2*x - 6*x. Calculate the remainder when 56 is divided by r.
23
Let t(u) = -2*u**2 - 12*u - 5. Let w be t(-5). Suppose l = w*l - 48. Calculate the remainder when 35 is divided by l.
11
Suppose -2*z + 2*m = -382, 23*m - 20*m + 767 = 4*z. Calculate the remainder when z is divided by 20.
14
Suppose -36*s + 32*s = -8, -5*q + 1126 = -2*s. Calculate the remainder when q is divided by 10.
6
Suppose -7*n + 2*n = 80. Let d = -14 - n. Suppose d*p + p = -12, 5*t + 3*p - 398 = 0. Calculate the remainder when t is divided by 14.
12
Suppose 28*m - 23*m - 120 = 0. Calculate the remainder when 47 is divided by m.
23
Suppose -1656 = -8*j + 352. What is the remainder when j is divided by 43?
36
Let z = 311 + -115. What is the remainder when z is divided by 52?
40
Let b = -15 - -6. Let c be 6/b*27/(-6). Suppose -c*n - 80 = -281. Calculate the remainder when n is divided by 17.
16
Let y = -62 - -95. What is the remainder when 1/(-4 - -1) - 782/(-6) is divided by y?
31
Let n = 14 - 4. Let b = 18 - n. Suppose 0*u = u - b. What is the remainder when 13 is divided by u?
5
Let w(r) = -25*r + 133. Calculate the remainder when 270 is divided by w(5).
6
Suppose 0 = -11*w - 3*w + 2702. Calculate the remainder when w is divided by 15.
13
Let h = 300 - 442. Let r = h - -156. Calculate the remainder when (-1 + -52)*(-2)/2 is divided by r.
11
Let m(s) = -2*s**3 + 11*s**2 + 7*s - 5. Let t be m(6). Suppose 0 = -w - k + t + 14, -4*k = 5*w - 74. What is the remainder when w is divided by 5?
4
Suppose 33 + 22 = 11*s. Suppose 0*p + 63 = s*l + 2*p, 0 = 2*p - 8. What is the remainder when 174 is divided by l?
9
Suppose 10*r - 199 = -59. Suppose -4*f + 2*g = -r, 5*f - 4*f - 2*g + 1 = 0. What is the remainder when 19 is divided by f?
4
Suppose 51*y = 64*y - 559. Calculate the remainder when 72 is divided by y.
29
Let o be (-3)/5*(-23 - 37). Let d(s) = -s**2 + 1. Let g be d(-1). Let p = o - g. What is the remainder when p is divided by 13?
10
Let u be (56/(-3))/(5/(-15)). Suppose 12*v - u = 11*v. Let n = -19 + 34. What is the remainder when v is divided by n?
11
Let l(v) = 2*v**2 + 2*v**2 - 7*v - 5*v**2. Let o be l(-7). Suppose o = -j + 4 - 1. Calculate the remainder when j is divided by 3.
0
Let o = 62 - 45. Let u = 56 - 27. Calculate the remainder when u is divided by o.
12
Suppose f + 0*c = -2*c - 24, 4*c - 82 = 3*f. Let v be (-2 - (2 - f)) + 3. Let g = 64 - v. Calculate the remainder when g is divided by 23.
22
Calculate the remainder when -1 - (-40)/35 - 90/(-7) is divided by 2.
1
Suppose -34 = 17*w - 102. Suppose -465 = -3*g + 3*h, w*h = 2*g - 4 - 314. What is the remainder when g is divided by 31?
27
Let t = -11 - -15. Suppose 0 = -p - 2*o + 60, 0 = -4*p - t*o - 0*o + 240. What is the remainder when p is divided by 16?
12
Let f be -1*(4 + -4)/4. What is the remainder when 3/9 + f - (-2680)/15 is divided by 20?
19
Let i be (-6)/(-10) - 27088/80. Calculate the remainder when 131 is divided by i/(-10) - ((-6)/(-5))/(-6).
29
Suppose 3*c = -a + 38, -3*c + 2*a = -a - 18. Suppose -4*j + 225 - 117 = 4*n, -n + 45 = -2*j. Calculate the remainder when n is divided by c.
0
Calculate the remainder when 134 is divided by ((-2)/18*-12)/((-24)/(-270)).
14
Suppose -3*p = -3*u - 0*u + 168, -4*p = -2*u + 112. Let j = u - 32. Let c(t) = -17*t + 1. Calculate the remainder when c(-4) is divided by j.
21
Suppose -8 - 56 = -4*l. What is the remainder when 42 is divided by l?
10
Suppose -30 = -3*p - 5*l + 2*l, 0 = 2*l + 4. Suppose -t - 73 = -2*r, -3*r - t = 3*t - 93. Calculate the remainder when r is divided by p.
11
Let a(o) = 58*o - 37. Calculate the remainder when 123 is divided by a(1).
18
Let c be 154/35 + 4/(-10). Suppose m = 3*v - 683, -5*v + c*m + 0*m = -1136. Suppose u = -5*u + v. What is the remainder when u is divided by 14?
10
Let i(w) = -182*w - 199. Calculate the remainder when i(-3) is divided by 29.
28
Suppose 4*z + 20 = 4*h, 9*z - 7 = -3*h + 4*z. Suppose -4*o - 28 = -h*u, -4*u + 0*o + 34 = 2*o. What is the remainder when u is divided by 3?
2
Suppose 5*m = -3*p + 29, 34 = 4*p - 2*m + 4. Let t = 3 + p. What is the remainder when t is divided by 4*5/(-20) - -5?
3
Suppose -3 = 3*d, 2*d - 1 + 3 = -5*c. Suppose c = -w + 4 - 0. Suppose 72 = w*u + 4*x, -x + 1 = -1. Calculate the remainder when 31 is divided by u.
15
Suppose 5*w = 5*b + 20, 2*b + 0*w - w + 3 = 0. Calculate the remainder when 28*b - -1 - 28/(-7) is divided by 17.
16
Let r = -2 - -4. Suppose 2*x - 30 = -r*j, 3*j - 57 = -4*x + 5*x. Calculate the remainder when 69 is divided by j.
15
Suppose -6*t + 172 + 770 = 0. What is the remainder when t is divided by 20?
17
Suppose 225 = 9*j - 819. Calculate the remainder when j is divided by 60.
56
Let t(c) = -4*c + 41. Let h be t(-21). Calculate the remainder when 2 + h + -1 + -4 is divided by 21.
17
Let f = -101 - -128. Calculate the remainder when f is divided by 4.
3
Suppose 2 = -a, -2*i + 4*a = -3*i + 3. Let g(y) = -3*y + 5. Let z be g(-5). Suppose 14*c - z*c = -186. What is the remainder when c is divided by i?
9
Suppose 21*i - 23*i + 250 = 0. What is the remainder when i is divided by 33?
26
Suppose -52*s + 66*s - 658 = 0. What is the remainder when 196 is divided by s?
8
What is the remainder when 114 is divided by (-10208)/(-1044) - (0 - (-2)/(-9))?
4
Let y(j) = -j**2 + 12*j + 89. Calculate the remainder when y(10) is divided by 11.
10
Let f = -83 - -117. Suppose 10 = 2*n - 5*w, n - 15 = -2*n + 5*w. Calculate the remainder when f is divided by n.
4
Let d(o) be the third derivative of -7*o**4/6 + 29*o**3/6 + 42*o**2. What is the remainder when d(-3) is divided by 19?
18
Suppose 0 = 5*g + 2*a - 11, -a = 2. Suppose y = 1 + 10. Calculate the remainder when g + 4 + -4 - -27 is divided by y.
8
Let i(d) = -1 + 10 + 0 + d**3 + 13*d + 14*d**2. Calculate the remainder when 16 is divided by i(-13).
7
Let y = 104 - 52. Suppose 6*i - 5*i - 258 = -4*u, -i + 2*u = -258. Calculate the remainder when i is divided by y.
50
Let v(b) = 36*b**2 + 5. What is the remainder when v(-2) is divided by 25?
24
Let i(g) = -g**2 + 73*g - 94. Calculate the remainder when i(71) is divided by 33.
15
Let d = 643 + -536. What is the remainder when 210 is divided by d?
103
Let c = 1284 - 1280. Calculate the remainder when 42 is divided by c.
2
Suppose 6*q = 8*q - 128. What is the remainder when 121 is divided by q?
57
Let m(d) = -6*d - 28. Suppose 2*h = 5*b + 51, 2*b + 3 = b - 2*h. Suppose 3*f = 2*f + 9. Calculate the remainder when m(b) is divided by f.
8
Let c = 17 + -12. Suppose 4*u - u + c*h = 267, 445 = 5*u - h. What is the remainder when u is divided by 30?
29
Let v(r) = -6*r. Suppose -18*q + 22*q = -8. Calculate the remainder when 3/(q*(-3)/44) is divided by v(-1).
4
Let g be (0 + 1)/